[INFO] cloning repository https://github.com/IronCretin/bytepole2
[INFO] running `Command { std: "git" "-c" "credential.helper=" "-c" "credential.helper=/workspace/cargo-home/bin/git-credential-null" "clone" "--bare" "https://github.com/IronCretin/bytepole2" "/workspace/cache/git-repos/https%3A%2F%2Fgithub.com%2FIronCretin%2Fbytepole2", kill_on_drop: false }`
[INFO] [stderr] Cloning into bare repository '/workspace/cache/git-repos/https%3A%2F%2Fgithub.com%2FIronCretin%2Fbytepole2'...
[INFO] running `Command { std: "git" "rev-parse" "HEAD", kill_on_drop: false }`
[INFO] [stdout] dff90123d3379ddb07cc655cec32e4c843696f1d
[INFO] checking IronCretin/bytepole2 against master#e6e4f7ed1589e03bc2f6c5931c1a72e7947e8682 for beta-170-4
[INFO] running `Command { std: "git" "clone" "/workspace/cache/git-repos/https%3A%2F%2Fgithub.com%2FIronCretin%2Fbytepole2" "/workspace/builds/worker-4-tc2/source", kill_on_drop: false }`
[INFO] [stderr] Cloning into '/workspace/builds/worker-4-tc2/source'...
[INFO] [stderr] done.
[INFO] validating manifest of git repo https://github.com/IronCretin/bytepole2 on toolchain e6e4f7ed1589e03bc2f6c5931c1a72e7947e8682
[INFO] running `Command { std: CARGO_HOME="/workspace/cargo-home" RUSTUP_HOME="/workspace/rustup-home" "/workspace/cargo-home/bin/cargo" "+e6e4f7ed1589e03bc2f6c5931c1a72e7947e8682" "metadata" "--manifest-path" "Cargo.toml" "--no-deps", kill_on_drop: false }`
[INFO] started tweaking git repo https://github.com/IronCretin/bytepole2
[INFO] finished tweaking git repo https://github.com/IronCretin/bytepole2
[INFO] tweaked toml for git repo https://github.com/IronCretin/bytepole2 written to /workspace/builds/worker-4-tc2/source/Cargo.toml
[INFO] crate git repo https://github.com/IronCretin/bytepole2 already has a lockfile, it will not be regenerated
[INFO] running `Command { std: CARGO_HOME="/workspace/cargo-home" RUSTUP_HOME="/workspace/rustup-home" "/workspace/cargo-home/bin/cargo" "+e6e4f7ed1589e03bc2f6c5931c1a72e7947e8682" "fetch" "--manifest-path" "Cargo.toml", kill_on_drop: false }`
[INFO] running `Command { std: "docker" "create" "-v" "/var/lib/crater-agent-workspace/builds/worker-4-tc2/target:/opt/rustwide/target:rw,Z" "-v" "/var/lib/crater-agent-workspace/builds/worker-4-tc2/source:/opt/rustwide/workdir:ro,Z" "-v" "/var/lib/crater-agent-workspace/cargo-home:/opt/rustwide/cargo-home:ro,Z" "-v" "/var/lib/crater-agent-workspace/rustup-home:/opt/rustwide/rustup-home:ro,Z" "-e" "SOURCE_DIR=/opt/rustwide/workdir" "-e" "CARGO_TARGET_DIR=/opt/rustwide/target" "-e" "CARGO_HOME=/opt/rustwide/cargo-home" "-e" "RUSTUP_HOME=/opt/rustwide/rustup-home" "-w" "/opt/rustwide/workdir" "-m" "1610612736" "--user" "0:0" "--network" "none" "ghcr.io/rust-lang/crates-build-env/linux@sha256:19e73879b68f455e41552ea35293514db52ea292d993f571636dbffedb77a1ee" "/opt/rustwide/cargo-home/bin/cargo" "+e6e4f7ed1589e03bc2f6c5931c1a72e7947e8682" "metadata" "--no-deps" "--format-version=1", kill_on_drop: false }`
[INFO] [stdout] 5e36941d0a5283f32da1f80dfad5acc8293a0a77838f8370b4a01cca25560f0a
[INFO] running `Command { std: "docker" "start" "-a" "5e36941d0a5283f32da1f80dfad5acc8293a0a77838f8370b4a01cca25560f0a", kill_on_drop: false }`
[INFO] running `Command { std: "docker" "inspect" "5e36941d0a5283f32da1f80dfad5acc8293a0a77838f8370b4a01cca25560f0a", kill_on_drop: false }`
[INFO] running `Command { std: "docker" "rm" "-f" "5e36941d0a5283f32da1f80dfad5acc8293a0a77838f8370b4a01cca25560f0a", kill_on_drop: false }`
[INFO] [stdout] 5e36941d0a5283f32da1f80dfad5acc8293a0a77838f8370b4a01cca25560f0a
[INFO] running `Command { std: "docker" "create" "-v" "/var/lib/crater-agent-workspace/builds/worker-4-tc2/target:/opt/rustwide/target:rw,Z" "-v" "/var/lib/crater-agent-workspace/builds/worker-4-tc2/source:/opt/rustwide/workdir:ro,Z" "-v" "/var/lib/crater-agent-workspace/cargo-home:/opt/rustwide/cargo-home:ro,Z" "-v" "/var/lib/crater-agent-workspace/rustup-home:/opt/rustwide/rustup-home:ro,Z" "-e" "SOURCE_DIR=/opt/rustwide/workdir" "-e" "CARGO_TARGET_DIR=/opt/rustwide/target" "-e" "CARGO_INCREMENTAL=0" "-e" "RUST_BACKTRACE=full" "-e" "RUSTFLAGS=--cap-lints=forbid" "-e" "RUSTDOCFLAGS=--cap-lints=forbid" "-e" "CARGO_HOME=/opt/rustwide/cargo-home" "-e" "RUSTUP_HOME=/opt/rustwide/rustup-home" "-w" "/opt/rustwide/workdir" "-m" "1610612736" "--user" "0:0" "--network" "none" "ghcr.io/rust-lang/crates-build-env/linux@sha256:19e73879b68f455e41552ea35293514db52ea292d993f571636dbffedb77a1ee" "/opt/rustwide/cargo-home/bin/cargo" "+e6e4f7ed1589e03bc2f6c5931c1a72e7947e8682" "check" "--frozen" "--all" "--all-targets" "--message-format=json", kill_on_drop: false }`
[INFO] [stdout] 739dac1de6c25d2dcc6fb551bee14e0b8d2ee33cbbcf0e8191806927627c8e8d
[INFO] running `Command { std: "docker" "start" "-a" "739dac1de6c25d2dcc6fb551bee14e0b8d2ee33cbbcf0e8191806927627c8e8d", kill_on_drop: false }`
[INFO] [stderr]     Checking bytepole v0.1.0 (/opt/rustwide/workdir)
[INFO] [stdout] error[E0425]: cannot find function `stdin_locked` in module `io`
[INFO] [stdout]   --> src/main.rs:22:24
[INFO] [stdout]    |
[INFO] [stdout] 22 |             stdin: io::stdin_locked(),
[INFO] [stdout]    |                        ^^^^^^^^^^^^ not found in `io`
[INFO] [stdout] 
[INFO] [stdout] 
[INFO] [stdout] error[E0425]: cannot find function `stdout_locked` in module `io`
[INFO] [stdout]   --> src/main.rs:23:25
[INFO] [stdout]    |
[INFO] [stdout] 23 |             stdout: io::stdout_locked(),
[INFO] [stdout]    |                         ^^^^^^^^^^^^^ not found in `io`
[INFO] [stdout] 
[INFO] [stdout] 
[INFO] [stdout] error[E0635]: unknown feature `stdio_locked`
[INFO] [stdout]  --> src/main.rs:1:12
[INFO] [stdout]   |
[INFO] [stdout] 1 | #![feature(stdio_locked)]
[INFO] [stdout]   |            ^^^^^^^^^^^^
[INFO] [stdout] 
[INFO] [stdout] 
[INFO] [stdout] error[E0425]: cannot find function `stdin_locked` in module `io`
[INFO] [stdout]   --> src/main.rs:22:24
[INFO] [stdout]    |
[INFO] [stdout] 22 |             stdin: io::stdin_locked(),
[INFO] [stdout]    |                        ^^^^^^^^^^^^ not found in `io`
[INFO] [stdout] 
[INFO] [stdout] 
[INFO] [stdout] error[E0425]: cannot find function `stdout_locked` in module `io`
[INFO] [stdout]   --> src/main.rs:23:25
[INFO] [stdout]    |
[INFO] [stdout] 23 |             stdout: io::stdout_locked(),
[INFO] [stdout]    |                         ^^^^^^^^^^^^^ not found in `io`
[INFO] [stdout] 
[INFO] [stdout] 
[INFO] [stdout] error[E0635]: unknown feature `stdio_locked`
[INFO] [stdout]  --> src/main.rs:1:12
[INFO] [stdout]   |
[INFO] [stdout] 1 | #![feature(stdio_locked)]
[INFO] [stdout]   |            ^^^^^^^^^^^^
[INFO] [stdout] 
[INFO] [stdout] 
[INFO] [stdout] error: aborting due to 3 previous errors
[INFO] [stdout] 
[INFO] [stdout] 
[INFO] [stdout] error: aborting due to 3 previous errors
[INFO] [stdout] 
[INFO] [stdout] 
[INFO] [stdout] Some errors have detailed explanations: E0425, E0635.
[INFO] [stdout] 
[INFO] [stdout] For more information about an error, try `rustc --explain E0425`.
[INFO] [stdout] 
[INFO] [stdout] Some errors have detailed explanations: E0425, E0635.
[INFO] [stdout] 
[INFO] [stdout] For more information about an error, try `rustc --explain E0425`.
[INFO] [stdout] 
[INFO] [stderr] error: could not compile `bytepole` (bin "bytepole" test) due to 4 previous errors
[INFO] [stderr] warning: build failed, waiting for other jobs to finish...
[INFO] [stderr] error: could not compile `bytepole` (bin "bytepole") due to 4 previous errors
[INFO] running `Command { std: "docker" "inspect" "739dac1de6c25d2dcc6fb551bee14e0b8d2ee33cbbcf0e8191806927627c8e8d", kill_on_drop: false }`
[INFO] running `Command { std: "docker" "rm" "-f" "739dac1de6c25d2dcc6fb551bee14e0b8d2ee33cbbcf0e8191806927627c8e8d", kill_on_drop: false }`
[INFO] [stdout] 739dac1de6c25d2dcc6fb551bee14e0b8d2ee33cbbcf0e8191806927627c8e8d
